factor of 2 and g.
2
Suppose 2*m + 593 = 5*h - 92, 4*h - 3*m - 555 = 0. Calculate the greatest common factor of 60 and h.
15
Let m(p) = -p**3 - 13*p**2 - 14*p + 15. Let f be m(-12). Suppose 11 = -3*a - 5*z, -24*a - 5*z - 5 = -19*a. Calculate the highest common factor of f and a.
3
Let y(n) = n**2 - 16*n + 11. Let t be y(17). Let u = t - 8. Calculate the highest common divisor of 220 and u.
20
Suppose 32*n = 41 + 503. Let u be (-3 + -1)*(6 - 8). Let g be (u/10)/(1/85). Calculate the greatest common divisor of g and n.
17
Suppose -4*m - 2*c = c - 19, -m = -5*c - 22. Suppose -15 = -3*b, 0*z + z - m = 4*b. Calculate the greatest common divisor of z and 27.
27
Let g = 116 - 114. Suppose 4*o + 38 = 106. Let t = o + g. What is the highest common divisor of 95 and t?
19
Suppose -28 = -19*b + 390. Calculate the highest common divisor of 198 and b.
22
Let m(k) = 354*k**2 - 18*k - 12. Let u be m(2). Calculate the highest common divisor of 72 and u.
72
Suppose 195 - 43 = 4*i. Suppose -5*n + 10 = 0, s - 4*n = 7 + 4. Calculate the highest common factor of s and i.
19
Let k = -35 - -140. Calculate the greatest common divisor of 15 and k.
15
Suppose 3*g + 9 = -3*w + 3, 2*w - 16 = 3*g. Let m = 10 - 7. What is the greatest common divisor of w and m?
1
Let v be (1 + 17)*(-16)/24. Let h = -19 - v. Let t = h - -9. What is the highest common divisor of t and 5?
1
Let s(a) = -a**2 - 8*a - 1. Let w(t) = -t**2 + 17*t - 37. Let d be w(15). Let n be s(d). Calculate the greatest common factor of 72 and n.
6
Suppose -114 = -4*g + 2*r, 111 = 4*g + 4*r - 9*r. Suppose 131 = 2*p + g. Calculate the highest common factor of p and 17.
17
Let s(u) = -u**2 + 5*u - 9. Let w(n) = 15 + 5*n**2 - 25*n + 3 + 28. Let q(l) = -11*s(l) - 2*w(l). Let g be q(6). What is the greatest common factor of g and 52?
13
Let k = -41 + 46. What is the greatest common divisor of 8 and k?
1
Suppose -4*b - 364 = -5*i, 0 = i - 12*b + 13*b - 71. Suppose 4*k - 6*l + l = 48, 0 = -2*k + 2*l + 24. Calculate the highest common factor of k and i.
12
Let j(d) = 10*d + 301. Let f be j(-16). What is the highest common factor of 3 and f?
3
Let i(g) = -g**2 - 2*g - 13. Let y(c) = -c**3 - 5*c**2 - 4*c. Let j be y(-4). Let z be i(j). Let x = 0 - z. Calculate the greatest common factor of x and 117.
13
Let b(q) = -q**3 + 9*q**2 + 8*q + 24. Let x be b(10). Suppose x*u - a = a + 106, -107 = -4*u + a. What is the greatest common factor of 135 and u?
27
Suppose -11*d + 275 = -3289. What is the highest common factor of d and 729?
81
Let y = 632 - 353. Calculate the highest common divisor of 651 and y.
93
Suppose 3*n + 4 + 5 = 0. Let d(t) = t**2 + t - 3. Let i be d(n). Suppose 3*x = i*l + 2*l + 40, -2*l + 6 = x. Calculate the highest common divisor of 70 and x.
10
Let b be (-1215)/(-39) + 130/(-845). Let y(h) = -83*h - 3. Let c be y(-2). Let t = -70 + c. Calculate the greatest common factor of b and t.
31
Let g = 35 - -14. Let a = 89 - g. Calculate the highest common divisor of a and 20.
20
Suppose 20 + 24 = 4*t. Let u(c) = c**2 - 10*c. Let f be u(t). Calculate the greatest common divisor of 33 and f.
11
Let p be (-37 + -2)/(0 - 1/4). Let u = p - 84. Calculate the highest common factor of 8 and u.
8
Suppose -684 = -2*h - 4*h. What is the highest common divisor of h and 6?
6
Let l(b) = -2*b**3 - b**2 + 4*b + 2. Let v be l(-4). Calculate the greatest common divisor of v and 49.
49
Let j be 18*((-8)/12)/1. Let w = j + 8. Let a be 8/w*(-58 + 2). Calculate the greatest common factor of 14 and a.
14
Let q(f) = 5*f**3 + 7*f**2 - 11*f - 1. Let k be q(3). Let g be ((-2)/(-4))/(3 - k/56). What is the highest common factor of 133 and g?
7
Suppose -4*o + 4879 = t, -22*o + 5*o = -51. What is the highest common divisor of t and 31?
31
Suppose 0 = 9*s - 7*s + 30. Let j = 9 - s. Suppose 4*t + j = 5*t. Calculate the highest common divisor of t and 16.
8
Let r be (-6)/(-14) - ((-54)/21 - -3). Suppose r*t - t = 2*x - 46, t = -4*x + 56. What is the highest common factor of 108 and t?
36
Let v(q) = -3*q + 2*q + 1 + 10*q. Let f = -21 - -22. Let y be v(f). Calculate the highest common divisor of y and 40.
10
Suppose -4*u = -2*u - 4*v - 278, 2*u + 5*v - 305 = 0. What is the highest common factor of 5 and u?
5
Suppose -u - 52 = -3*u. Suppose 4*i = -j + 57, 42 = 4*i - 3*j + j. Calculate the highest common divisor of u and i.
13
Let y = 152 + -124. Calculate the greatest common divisor of 364 and y.
28
Let r = -18 - -36. Let o be (-3 - -1) + -7 + 171. What is the highest common factor of o and r?
18
Let b(i) be the first derivative of -19*i**2/2 + 6*i - 15. Let s be b(-6). Let h be 1/((-1)/(-12)) - 0. Calculate the greatest common divisor of s and h.
12
Suppose 4*y = 15 + 5. Suppose -q + y*m = -12, 2*q - m = -0*q + 6. Suppose -q*w = -0*w - 6. What is the highest common factor of 24 and w?
3
Let x = -8 - -11. Suppose x*z = 7*z - 1100. What is the greatest common divisor of z and 25?
25
Suppose 5*u = 3*v - 7*v + 117, -4*u = v - 21. Calculate the highest common factor of v and 231.
33
Let v be 6/(-21) + 6/21. Suppose -7*h + 4*h - 27 = v. Let i be (-30)/h + 8/12. Calculate the highest common factor of i and 4.
4
Let h(z) = -2*z - 3. Let j be h(-3). Let t = 34 - 32. Suppose -j*i + 115 = l, 0 = 2*i + t*l - l - 75. Calculate the greatest common factor of i and 10.
10
Let j = 28 - 4. Let z = 129 - j. Calculate the greatest common divisor of 21 and z.
21
Let v be (-72)/(-12) - -27 - 3/1. Calculate the greatest common factor of 55 and v.
5
Let l = -485 - -489. Calculate the greatest common divisor of l and 44.
4
Suppose -9*c + 56 = -c. Let y be 6/(-2) - (4 + -35). What is the highest common divisor of c and y?
7
Let h(s) = -s**3 + 18*s**2 + 11*s - 16. Let b be h(18). Calculate the greatest common factor of 52 and b.
26
Let g be (12/30)/(3/120). What is the greatest common divisor of 16 and g?
16
Let l be (350/(-28))/(1*1/(-24)). Calculate the greatest common divisor of 1100 and l.
100
Suppose -2*n + 77 = -5*z, 4*n - 136 = 4*z - 0*z. What is the highest common divisor of 217 and n?
31
Let m = -29 + 139. Let r = 190 - m. Suppose -u = -2*i - 18 + 10, -5*u = i - 51. Calculate the greatest common factor of r and u.
10
Let r = 426 - 192. Let y = -79 + 131. Suppose -4*x = -5*d + 3*d + y, 0 = 3*d + 4*x - 78. Calculate the highest common divisor of d and r.
26
Let v(t) = t**3 - 10*t**2 + 12*t + 8. Let b(p) = 3*p**2 - 2*p - 7. Let a be b(-2). Let u be v(a). What is the greatest common divisor of u and 140?
35
Suppose -7*l + l = -12. Let c(d) = 34*d**3 - d**2 + 3*d + 1. Let y be c(l). What is the highest common divisor of 25 and y?
25
Let q(n) = -4*n - 176. Let c be q(-49). Calculate the greatest common factor of c and 52.
4
Suppose u - 2 = 3*k + 12, -5*u - 4*k = -89. Suppose -5*g = -0*g + 2*p + 778, -2*p - 310 = 2*g. Let o = g + 292. What is the greatest common factor of u and o?
17
Suppose -4*l + 45 = -3*l - v, l - 33 = 4*v. What is the highest common divisor of l and 14?
7
Let w = -3 - -237. Let q(j) = -2 - 8*j + 3*j - j - 2. Let b be q(-5). What is the highest common factor of w and b?
26
Let g(j) = 3*j + 42. Let u be g(-17). Let d be ((567/4)/u)/(3/(-8)). What is the highest common divisor of d and 105?
21
Let n = 26 - 7. Let u(c) = -64*c + 851. Let j be u(13). What is the greatest common divisor of j and n?
19
Let o = 2103 - 419. Suppose 4*y = 3*p + o, -2*p - 430 = -y + p. Suppose -z - z = -y. What is the highest common divisor of z and 19?
19
Let o be 120/18*(-60)/(-8). Let h = -46 + o. Suppose y - 3 = -2*y. Calculate the greatest common divisor of h and y.
1
Let b(k) = 3 - 2*k**2 + 30*k + 2*k**3 - 2 + 0 - 31*k. Let i be b(2). What is the greatest common factor of i and 63?
7
Let h(a) = 3*a - 6. Let f be h(-5). Let m = f - -24. Suppose -2 = -2*c + 6, -52 = -4*v + m*c. What is the highest common divisor of 64 and v?
16
Let h(m) = m**2 - 9*m - 14. Let i be h(-6). Suppose 0*t = 4*t - i. Suppose -3*y = -7*y + 532. What is the highest common factor of y and t?
19
Let c = -893 + 914. What is the greatest common divisor of 14 and c?
7
Suppose 0 = 2*g + 3*x - 4481, -3*x + 6717 = 2*g + g. What is the greatest common divisor of g and 52?
52
Suppose 5 = 3*d - 10. Suppose -320 = -3*o - d*b, -3*b - 2*b = -2*o + 230. Calculate the greatest common divisor of 10 and o.
10
Let q